se 11
-220a
What is -12200102 (base 3) in base 14?
-171c
-1023114 (base 5) to base 11
-11a93
Convert 5341 (base 9) to base 5.
111200
Convert 39a (base 11) to base 2.
111011000
-202110000 (base 3) to base 8
-35070
Convert 213410 (base 6) to base 2.
100010011101110
What is 1242 (base 7) in base 2?
111010111
-3130311 (base 4) to base 11
-a689
What is 418 (base 10) in base 3?
120111
What is -28b (base 13) in base 10?
-453
Convert 2262 (base 10) to base 2.
100011010110
Convert -2211 (base 5) to base 9.
-370
What is 783 (base 14) in base 12?
a3b
Convert -91 (base 10) to base 5.
-331
Convert -282 (base 9) to base 8.
-354
110010101 (base 2) to base 16
195
What is 205445 (base 7) in base 15?
a808
What is -100120210 (base 3) in base 6?
-52203
What is 1137 (base 14) in base 5?
43424
What is -110101101100011 (base 2) in base 12?
-13aab
Convert 608 (base 9) to base 10.
494
5062 (base 15) to base 12
999b
4c5 (base 14) to base 10
957
2666 (base 7) to base 11
855
What is 1177 (base 9) in base 2?
1101110000
Convert -12b0 (base 16) to base 3.
-20120012
Convert 1885 (base 14) to base 4.
1011031
Convert 10100100000001011 (base 2) to base 6.
1444443
40b (base 16) to base 12
723
Convert 2101 (base 4) to base 10.
145
-22233 (base 6) to base 11
-2384
-470 (base 9) to base 11
-322
Convert 122011100 (base 3) to base 13.
5904
What is a5 (base 11) in base 15?
7a
22122012 (base 3) to base 10
6296
Convert -14155 (base 7) to base 3.
-12022001
What is 2442 (base 9) in base 12?
1078
What is 5144 (base 7) in base 14?
924
Convert -11b (base 14) to base 12.
-165
Convert -11541 (base 11) to base 3.
-211210122
What is 384 (base 15) in base 5?
11144
What is 20213 (base 4) in base 2?
1000100111
220 (base 16) to base 8
1040
What is -2422 (base 12) in base 10?
-4058
What is 3024 (base 6) in base 2?
1010011000
735 (base 11) to base 7
2403
Convert -ded (base 15) to base 4.
-301030
What is 136a (base 13) in base 6?
20532
What is c09 (base 15) in base 11?
2043
What is 1100010 (base 3) in base 16?
3cf
Convert -340c (base 14) to base 8.
-21504
What is -2201 (base 8) in base 11?
-959
Convert -25604 (base 8) to base 13.
-50bc
What is 1231314 (base 5) in base 3?
1012212101
What is 915 (base 14) in base 10?
1783
Convert -39659 (base 12) to base 6.
-1404153
What is -35c1 (base 16) in base 7?
-55056
What is 2002220101 (base 3) in base 14?
11190
101333 (base 5) to base 11
256a
What is -225 (base 16) in base 14?
-2b3
-7465 (base 11) to base 10
-9872
What is 27949 (base 10) in base 16?
6d2d
Convert -4313 (base 13) to base 4.
-2101133
443 (base 10) to base 3
121102
What is 2676 (base 9) in base 3?
2202120
Convert 101220212 (base 3) to base 8.
17431
Convert -220311 (base 4) to base 2.
-101000110101
Convert -1214 (base 7) to base 14.
-244
112000202 (base 3) to base 13
4868
What is 2139 (base 10) in base 12?
12a3
1221112 (base 3) to base 16
58a
What is -7703 (base 11) in base 3?
-111221120
What is -41431 (base 5) in base 13?
-132b
1142 (base 7) to base 2
110100110
212102 (base 3) to base 5
10012
What is -512 (base 12) in base 16?
-2de
Convert -2036 (base 9) to base 4.
-113103
164c4 (base 14) to base 9
84530
What is 9c2 (base 15) in base 5?
32312
What is -10340 (base 5) in base 13?
-435
Convert -6597 (base 12) to base 3.
-120100221
159 (base 15) to base 4
10311
What is -1205b (base 13) in base 7?
-165205
-1221210 (base 3) to base 4
-112101
Convert -57d (base 16) to base 8.
-2575
Convert 431 (base 12) to base 6.
2501
What is -825 (base 15) in base 3?
-2111222
Convert 633 (base 14) to base 10.
1221
What is 612 (base 8) in base 11?
329
2e1 (base 15) to base 14
353
What is -13122 (base 6) in base 5?
-30434
1761 (base 8) to base 10
1009
Convert 79 (base 11) to base 15.
5b
Convert 2405 (base 7) to base 2.
1101110111
What is 101001011010 (base 2) in base 7?
10504
What is 3313 (base 9) in base 3?
10100110
1233130 (base 4) to base 3
100210011
Convert 105030 (base 7) to base 9.
27383
19b (base 16) to base 2
110011011
1212232 (base 5) to base 10
22817
Convert -654 (base 8) to base 9.
-525
-11b1 (base 14) to base 16
-c17
Convert -620 (base 9) to base 4.
-13320
7116 (base 8) to base 7
13451
Convert 228f (base 16) to base 8.
21217
24310 (base 6) to base 4
313302
11110101111001 (base 2) to base 13
7217
10012321 (base 4) to base 16
41b9
-3638 (base 10) to base 12
-2132
Convert 2001010012 (base 3) to base 8.
116365
What is -39b6 (base 14) in base 3?
-111221011
What is -240171 (base 8) in base 14?
-21c81
18847 (base 11) to base 2
110011011000100
Convert 1021 (base 11) to base 10.
1354
What is -1150 (base 7) in base 4?
-12223
Convert -54113 (base 7) to base 14.
-4c7a
1d02 (base 14) to base 9
7232
-425 (base 14) to base 6
-3441
-b285 (base 12) to base 9
-28542
Convert -65e0 (base 15) to base 2.
-101010001010001
-a1 (base 16) to base 7
-320
-2011201220 (base 3) to base 5
-2332234
Convert -440 (base 8) to base 10.
-288
Convert -a64 (base 14) to base 8.
-4000
What is -1200 (base 8) in base 9?
-781
Convert 46341 (base 7) to base 11.
8992
-10ba (base 16) to base 12
-258a
What is 54342 (base 8) in base 7?
123224
What is -115 (base 9) in base 8?
-137
220103 (base 4) to base 8
5023
What is 225440 (base 8) in base 6?
1350304
46744 (base 10) to base 14
1306c
Convert 1262 (base 10) to base 6.
5502
Convert 11010000010000 (base 2) to base 3.
200021122
-2010212 (base 3) to base 14
-7d8
What is -14a3 (base 11) in base 2?
-11110001000
What is -5640 (base 9) in base 15?
-137c
111010011 (base 2) to base 16
1d3
-746 (base 11) to base 4
-32001
What is 34a6 (base 12) in base 14?
2206
-3773 (base 12) to base 8
-14207
Convert 42534 (base 8) to base 6.
214112
What is -102221210 (base 3) in base 13?
-3c75
-101010111100100 (base 2) to base 6
-245444
Convert -30323 (base 4) to base 13.
-4b8
-bde5 (base 15) to base 16
-9d49
Convert 22020 (base 3) to base 9.
266
What is -76 (base 8) in base 3?
-2022
Convert -d68a (base 15) to base 14.
-12759
What is -141204 (base 6) in base 16?
-33c4
-43d9 (base 15) to base 16
-382b
What is 210000220 (base 3) in base 2?
11101111100101
What is -1408 (base 16) in base 2?
-1010000001000
Convert -22221 (base 3) to base 5.
-1431
Convert -3199 (base 15) to base 13.
-4a13
What is 1154 (base 10) in base 3?
1120202
What is 10100111011 (base 2) in base 11?
1008
What is 1140 (base 6) in base 10?
276
-2273a (base 13) to base 15
-138d3
Convert 2778 (base 11) to base 7.
13323
What is -235 (base 6) in base 7?
-164
What is -1640 (base 8) in base 6?
-4144
447 (base 10) to base 12
313
What is 1134 (base 5) in base 13?
100
What is -e6dc (base 16) in base 3?
-10000001220
-3213 (base 9) to base 14
-c09
Convert 11643 (base 7) to base 3.
11012200
Convert -265 (base 8) to base 15.
-c1
Convert -12110 (base 5) to base 16.
-389
-2c6 (base 13) to base 8
-764
What is -42444 (base 5) in base 2?
-101100111010
What is 111000110000 (base 2) in base 11?
2802
1000010101001 (base 2) to base 10
4265
What is 100000100110000 (base 2) in base 6?
205132
What is -1a92 (base 14) in base 5?
-123312
43230 (base 5) to base 13
1452
Convert b02 (base 14) to base 3.
2221221
What is 30563 (base 8) in base 10?
12659
Convert -4ca (base 13) to base 7.
-2312
-2100111 (base 3) to base 14
-8a6
Convert 2203 (base 6) to base 12.
363
-276b3 (base 12) to base 14
-15c59
1000010 (base 2) to base 9
73
What is -212 (base 5) in base 12?
-49
What is 465 (base 9) in base 5?
3013
Convert 744 (base 13) to base 15.
579
Convert -461 (base 16) to base 5.
-13441
Convert 202302 (base 5) to base 13.
2cbc
What is -5b1d (base 16) in base 7?
-125001
-11110101101000 (base 2) to base 7
-63555
What is 11111111001101 (base 2) in base 5?
1010313
What is -61514 (base 7) in base 11?
-10301
-33 (base 12) to base 16
-27
Convert 112001 (base 3) to base 8.
573
What is -147 (base 15) in base 5?
-2132
What is -1011021 (base 3) in base 7?
-2314
What is -3102 (base 7) in base 8?
-2070
What is 7bb4 (base 14) in base 3?
1002112010
24032 (base 12) to base 2
1011110100100110
Convert -11ab5 (base 12) to base 8.
-56751
Convert -6516 (base 16) to base 4.
-12110112
444422 (base 6) to base 5
2143220
Convert 110112110 (base 3) to base 13.
420c
What is 19457 (base 11) in base 9?
41234
-1137 (base 11) to base 8
-2724
780 (base 9) to base 10
639
5226 (base 7) to base 6
12253
What is 36346 (base 7) in base 9?
13851
Con